 = 264. What are the prime factors of t?
5, 71
Suppose 12*t - 1107 = 9*t. Let p = t - 213. What are the prime factors of p?
2, 3, 13
Let j be (-6)/5*2240/32. Let f = -22 - j. What are the prime factors of f?
2, 31
Suppose -2*f = -3*a, 56*a - 5 = -3*f + 58*a. Suppose -n = f*y - 1800, 0 = 4*n + n. List the prime factors of y.
2, 3, 5
Suppose -5*r + 15410 = 3*i - 41898, 2*r + 3*i = 22934. What are the prime factors of r?
2, 17, 337
Let m be (-14)/(-49) - (-1972)/7. Let q = m - 198. Let z = 161 - q. List the prime factors of z.
7, 11
Suppose 8 = 14*u - 62. Suppose 0 = u*j - p - 4101, 2*p - 3*p + 1639 = 2*j. What are the prime factors of j?
2, 5, 41
List the prime factors of (-5 + (-20)/(-5))*-11604.
2, 3, 967
Suppose 75 + 39 = -19*p. Let u(v) be the third derivative of 3*v**5/20 + 5*v**4/12 + 8*v**3/3 + 2*v**2. What are the prime factors of u(p)?
2, 5, 7
Suppose 4*o - 10 = -2*q, o - 4*q + 11 = 6*o. Suppose o*d + 3*s - 1041 = 0, 3*d + 5*s - 1645 = -614. List the prime factors of d.
2, 11
What are the prime factors of 725 + -13 - -8 - 6?
2, 3, 7, 17
Let g(a) = 6223*a + 1111. List the prime factors of g(3).
2, 5, 23, 43
Let v(j) = 16*j**2 + 497*j + 54. List the prime factors of v(-56).
2, 3, 3733
Let i(z) = -z**2 - 10*z - 18. Let m be i(-7). Suppose m*w = -9, -3*d + 2*w + 968 + 301 = 0. List the prime factors of d.
421
Let o = 108746 - 40995. List the prime factors of o.
67751
Let g(p) = 570*p**2 - 33*p + 86. List the prime factors of g(4).
2, 13, 349
Let a be -89 - -2*(-5)/10. Let r = a + -21. Let j = r - -162. List the prime factors of j.
3, 17
Let j(t) = 2*t**2 - 9*t + 26. Suppose 0 = -8*q + 24*q - 48. Suppose 0 = -q*y + 52 - 16. What are the prime factors of j(y)?
2, 103
Let w = -2420 + 6586. What are the prime factors of w?
2, 2083
Let y = 18166 + 1038. List the prime factors of y.
2, 4801
Let p = 2271 - -6780. List the prime factors of p.
3, 7, 431
Suppose -6*v = -19*v + 12038. What are the prime factors of v?
2, 463
Let y = 4104 + -3239. List the prime factors of y.
5, 173
Let r = -30927 - -39607. List the prime factors of r.
2, 5, 7, 31
Let x be (-4 - -4)*(-2)/4. Let y(a) = 6*a**2 - 5. Let h be y(2). Suppose x = -10*u + 199 - h. List the prime factors of u.
2, 3
Let p be -5 - (-1)/1 - -6. Let u(r) = -2 + 5 + 3*r**p - 182*r + 184*r. List the prime factors of u(-2).
11
Let y(t) be the second derivative of -5/3*t**3 + 1/20*t**5 - 1/2*t**4 - 13*t - 9*t**2 + 0. What are the prime factors of y(9)?
3, 5
Let b(f) = 2*f**3 + 2*f**2 + 4. Let t be b(0). Suppose s + 4*r = t*s - 1208, 5*r = -3*s + 1190. What are the prime factors of s?
2, 5
List the prime factors of 6840/(-380) + 56685 + -1.
2, 29, 977
What are the prime factors of 8/6 + (-105 + 3)*(-820)/18?
2, 7, 83
Let r(i) = i + i - 4496*i**2 - 2*i + 4634*i**2 + 2*i. Suppose -z + 3*j - 13 = -0*z, 0 = z + j - 3. What are the prime factors of r(z)?
2, 17
Suppose -44*i = -58*i + 98. Suppose -2*n - i*q + 2*q = -524, -2*n + 2*q = -552. What are the prime factors of n?
2, 17
Suppose -794*w + 269752 = -738*w. List the prime factors of w.
4817
Suppose 47 = 18*b - 7. Suppose 38 = -b*g + r, 0 = 5*g + 3*r - 5*r + 64. List the prime factors of g/(-24) - ((-1734)/(-4))/(-3).
5, 29
Let j(t) = -32*t - 64. Let l(g) = g**2 - 2*g - 20. Let b be l(8). Let r be j(b). Let o = -682 - r. What are the prime factors of o?
2, 139
Let x(a) = -a + 36. Let y(t) = -37. Let c(d) = 6*x(d) + 5*y(d). Let i be c(-12). Let l = -32 + i. What are the prime factors of l?
71
List the prime factors of (56/(-4) - 3)/(12/(-996)).
17, 83
Let s(i) = -i**2 - 34*i + 34. Let b be s(-19). Let t = 537 + b. List the prime factors of t.
2, 107
Let a(y) = y**2 + 2*y - 35. Let h be a(-7). Suppose 0 = 5*l - 0*i + i - 3187, h = 3*i + 9. List the prime factors of l.
2, 11, 29
Suppose 2*q = -3*w - 433, 2*w + q = 5*w + 418. Let m be (2/(-3))/(4/1542). Let o = w - m. List the prime factors of o.
2, 29
Let h be (0 - (-6)/3)/((-10)/(-25)). Let z be (-89 + -1)*(-2)/h. List the prime factors of (36/(-16))/((-1)/z).
3
What are the prime factors of (-7 + 34219/5)/(-3 - 17/(-5))?
2, 4273
Let q = -13746 - -13834. List the prime factors of q.
2, 11
Let x = 4 - 22. Let k = -14 - x. Suppose 2*m - 91 = -k*q + 9, 0 = -5*m - 20. What are the prime factors of q?
3
What are the prime factors of 2/9 - (-30800275)/2115?
14563
Suppose 80*g - 67280 - 342880 = 0. List the prime factors of g.
3, 1709
Let n(x) = -6362*x - 5598. What are the prime factors of n(-7)?
2, 31, 157
Suppose 0 = -3*t - 6, 3*t - 4938 = -3*q. Suppose -618 = 10*w - q. List the prime factors of w.
103
Let u = 98269 + -48170. List the prime factors of u.
7, 17, 421
Let k be -3 + ((-30)/5)/(-2). Suppose 5*t - 25 = 5*y, k*t - 2*y + 8 = t. What are the prime factors of (-105)/2*(-4)/t?
5, 7
Let w be (-110)/495 + 4394/9. Let c = w - 77. What are the prime factors of c?
3, 137
Let v be 20/80 - (-2)/(8/3). Suppose 5*f = -v + 11. Suppose -5*q = 3*s - 481, -q = 5*s - f*q - 755. List the prime factors of s.
2, 19
Let k = 129283 + -91220. List the prime factors of k.
17, 2239
Let c = -27610 - -43875. List the prime factors of c.
5, 3253
Suppose 78*o = -716296 + 2745700. What are the prime factors of o?
2, 13009
Suppose 4*h + 69 = 5*k, 9*k - 6*k + 5*h - 34 = 0. Suppose -k*b + 963 = -10*b. What are the prime factors of b?
3, 107
Let r be -2 + 0 + (-1)/3*-4581. Let d = r + -1015. What are the prime factors of d?
2, 3, 5, 17
Suppose 27*y - 32*y + 3*b = -120336, -3*y + b = -72204. What are the prime factors of y?
3, 71, 113
Let m(n) = 930*n + 168. List the prime factors of m(13).
2, 3, 227
Let k = 837 - 828. Let g(r) = 16*r**2 + 3*r + 3. List the prime factors of g(k).
2, 3, 13, 17
Let v(f) be the first derivative of 14*f**3/3 - 2*f**2 - 7*f - 52. List the prime factors of v(-6).
521
Let r = -6015 - -16382. List the prime factors of r.
7, 1481
Let c(r) be the first derivative of 1/3*r**3 + 25 + 53*r + 1/4*r**4 + r**2. What are the prime factors of c(0)?
53
Suppose 0 = 3*y - w + 41, 4*y - 2*y + 39 = 3*w. List the prime factors of y/21*-1 + 4178/14.
13, 23
List the prime factors of 2/(-21) - (-88942404)/5418.
2, 3, 19
Let g = -26 + 36. What are the prime factors of 1*4 + g + -14 - -248?
2, 31
Suppose 23*z = 47493 + 21783. What are the prime factors of z?
2, 3, 251
Suppose 0 = 2*j + s - 387, 3*j - s + 0*s = 568. Let n = j - -350. What are the prime factors of n?
541
Suppose 3*k + 12114 = 4*s, -3*s - 46*k + 49*k = -9090. List the prime factors of s.
2, 3, 7
Suppose -65*t + 1660465 = 134*t - 1958549. What are the prime factors of t?
2, 3, 7, 433
Let y(s) = 3*s**3 - 5*s. Let x be y(-5). List the prime factors of (2457/(-65))/(15/x).
2, 3, 7
Let d = 346 + -324. Suppose -33*s = -d*s - 6743. What are the prime factors of s?
613
Let i(z) be the first derivative of 31*z**3/6 + 5*z**2 - 29*z + 26. Let f(m) be the first derivative of i(m). List the prime factors of f(5).
3, 5, 11
Suppose 35*g + 82664 = 276354. List the prime factors of g.
2, 2767
Let x be (1 + 2)/(0 - 1). Let g = -1857 + 2113. What are the prime factors of -4 - (x + g)*-1?
3, 83
Suppose 3*w + 5*g - 48339 = 0, -w - 3*g + 8589 = -7532. List the prime factors of w.
16103
Let m = -3 + 3. Let f(i) = i**2 + 7. Let y be f(m). Suppose 42 = y*n - 609. What are the prime factors of n?
3, 31
What are the prime factors of (2/(-14))/(154/(-4677442))?
4339
Suppose 7*l + 34 - 622 = 0. Suppose -2*w - 6 = -l. Let q = w + -23. What are the prime factors of q?
2
Suppose -4*d + 580 = 4*w - w, 0 = -4*w - 4*d + 768. What are the prime factors of 52/13 + (w/2 - -3)?
101
Suppose -4*a - 13 = 3*p, -10 = 2*a + 5*p + 7. Suppose 0 = -d + 5*q - 3 - 28, 18 = -2*d - q. What are the prime factors of a/1*d/1?
11
Let g(x) = -x**3 - 3*x**2 + 15*x - 13. Let t(s) = -s**3 - 2*s**2 + 14*s - 12. Let n(c) = -5*g(c) + 6*t(c). What are the prime factors of n(3)?
2, 5
Suppose -6*z = 2*z - 224. Let b = 34 - z. List the prime factors of (-1271)/(-93) - ((-2)/b - 0).
2, 7
Suppose 0*g + 74 = 2*g - 2*p, g - 31 = 3*p. Let s = g - 40. Suppose t - 30 = -s*t. What are the prime factors of t?
2, 3, 5
Let s = 1354 - -8891. What are the prime factors of s?
3, 5, 683
Suppose -6 = 3*g - 6. Suppose 26*b - 32*b + 4206 = g. List the prime factors of b.
701
Let v = 4 + -6. Let h(p) be the third derivative of 7*p**5/15 - 7*p**4/24 